mon factor of n and 6?
6
Suppose 10*t - 29 = 41. Calculate the highest common divisor of 973 and t.
7
Suppose -167 = 5*o - 4*u, -10*o + 68 = -12*o + u. Let k be (255/o - -7)/((-2)/70). What is the highest common divisor of 70 and k?
10
Let w(z) = 5*z - 3. Let j be w(5). Let c be (-2)/1*(8 + -7)*1. Let x(o) = 2*o**2 - 3*o - 12. Let s be x(c). What is the highest common factor of s and j?
2
Suppose -11 + 6 = -f. Calculate the greatest common factor of f and 15.
5
Let q(t) be the second derivative of t**3/6 + t**2/2 - 2*t. Let s be q(8). Suppose -19 = -2*c - 1. What is the greatest common factor of c and s?
9
Let u = -11 + 9. Let r be -2*(135/u)/(-1). Let f be r/(-25) - 2/5. Calculate the greatest common divisor of 30 and f.
5
Suppose 2*k + 14 = 4*o - 8, 3*k + 44 = -5*o. Let w(n) = 22*n + 36. Let u be w(-2). Let l = u - k. What is the highest common divisor of 20 and l?
5
Let a(q) = -q**2 + 38*q - 55. Let f be a(25). Calculate the highest common divisor of 30 and f.
30
Let n be (-9*(-100)/12)/1. Calculate the highest common factor of n and 3.
3
Suppose 341 = 14*d + 117. What is the highest common divisor of 112 and d?
16
Let m = 195 - 167. What is the greatest common divisor of m and 44?
4
Let w be 0 + 4/(-4) + (-3549)/(-13). What is the greatest common divisor of 17 and w?
17
Suppose -2*r + 5*r + 5*k - 35 = 0, 0 = 5*k - 20. Let o be 48 + (-2)/(-3)*(-6)/(-2). Suppose -w = 4*w - o. Calculate the highest common factor of r and w.
5
Let l be 354/14 + (-12)/42. Suppose 5*r - 20 - l = 0. Suppose 0 = -2*v - 2, 4*o - 2*v - 255 = v. What is the greatest common factor of r and o?
9
Let a be (21/(-4))/((-1)/8). Let i = -281 + 511. Let w = i - 125. What is the highest common factor of a and w?
21
Let s = -665 + 680. Calculate the highest common factor of s and 210.
15
Let q(s) = -2*s**3 + 11*s**2 - 8. Let w be q(4). Suppose 2*u - 2*k = -u + 9, 3*u - 9 = k. Suppose u*c = 16 - 1. Calculate the highest common factor of w and c.
5
Let m(x) = -18*x + 481. Let g be m(0). What is the highest common factor of g and 37?
37
Let m be (-4)/(3 - 1) + 317. Suppose -4*y = y - m. Let h(w) = w**2 - 14*w + 55. Let p be h(8). Calculate the highest common divisor of p and y.
7
Let g be (0 - 1) + (-381)/(-3). Suppose -4 + 614 = -10*h. Let x = h + g. Calculate the highest common divisor of x and 13.
13
Let f = 211 - 199. Calculate the highest common divisor of 372 and f.
12
Let w(j) = -j - 5. Let p be w(-10). Let m(s) = -3*s - 2*s + 3*s + 2 + 3*s. Let b be m(p). Calculate the greatest common divisor of 7 and b.
7
Let t(l) = -2*l**2 + 26*l + 8. Let a be t(9). Let d be (-252)/(-27) + 4/6. What is the highest common factor of a and d?
10
Let v be (2 - (-30)/(-3))/1. Let k(x) be the third derivative of -x**4/12 - 5*x**3/3 + 2*x**2. Let w be k(v). What is the highest common factor of w and 24?
6
Let n be (-28)/(-20) + (-6)/(-10). Suppose 0 = 2*j - k + 3*k - 16, -5*j + n*k + 26 = 0. Suppose 7*p - 313 = 65. Calculate the highest common factor of p and j.
6
Let n be (3 - -27)*(-75)/(-45). Calculate the highest common factor of n and 150.
50
Let z(f) = f**2 - 16*f + 30. Let h be z(10). Let x be (55/(-15)*-1)/((-2)/h). Calculate the highest common divisor of x and 22.
11
Let u(w) be the second derivative of 0 - 2*w**2 + 1/6*w**3 - 3*w. Let o be u(12). Calculate the greatest common factor of o and 2.
2
Suppose 4*a = 121 + 99. Let w be 204/(-30) + 7 - (-98)/10. Suppose 12 + w = z. Calculate the greatest common factor of a and z.
11
Suppose 5*h = -3*t + 260, 10*h - t = 7*h + 156. What is the greatest common divisor of 364 and h?
52
Let i(s) = s**3 - 16*s**2 + 17*s + 14. Let y be i(15). Let a = 39 - y. Let b = 43 - a. What is the highest common factor of 6 and b?
6
Let c(r) = -23*r**2 + 14*r**2 - 15*r + 8*r**2 + 6. Let j be c(-15). Suppose -5*q + 60 = -30. Calculate the highest common factor of q and j.
6
Suppose -3*y = -3*s - 15, -2*s - 11 = -4*y + 11. Suppose y*c - 3*c - 36 = 0. Calculate the greatest common divisor of c and 36.
12
Let j = 10 + -2. Suppose 306 = 12*k - 558. What is the greatest common factor of j and k?
8
Let l(z) = z**3 + 18*z**2 + 61*z - 20. Let x be l(-8). Calculate the greatest common divisor of 1122 and x.
66
Let k be (-18879)/(-35) + -13 - (-6)/10. Calculate the greatest common factor of k and 34.
17
Suppose -4*u + 30 = 2*x, 2*x - 35 = -0*u - 3*u. What is the greatest common factor of x and 25?
25
Let u(d) = 4*d + 17. Let n = 176 - 157. Let g be u(n). What is the highest common divisor of g and 62?
31
Let d = 11 + -17. Let j = 14 + d. Let p = j - -36. What is the greatest common divisor of p and 4?
4
Let r(y) = -2*y**2 + 22*y - 12. Let l be r(10). What is the greatest common divisor of l and 16?
8
Suppose 201 = 5*c + 2*i, -2*c - 13 = 5*i - 106. What is the highest common divisor of c and 169?
13
Suppose -3*d + 115 + 35 = 0. Let k = d + -20. What is the highest common factor of k and 10?
10
Let h be 104/24 + (-2)/(-3). Let b = 0 + 1. Let l = 0 + b. Calculate the greatest common factor of l and h.
1
Let k be 3 + 65/(-25) - (-774)/15. Calculate the greatest common divisor of k and 104.
52
Let h(u) = u**3 + 3*u**2 - u - 10. Let a be h(2). What is the greatest common factor of 1248 and a?
8
Let x = 197 - 5. What is the greatest common factor of 224 and x?
32
Suppose 4*g - 195 = 7*g. Let m = 66 + g. What is the greatest common divisor of 1 and m?
1
Suppose 0*u = -8*u + 40. Suppose 0 = -u*l - o + 1174, 4*l - 944 = -o - o. Calculate the greatest common divisor of 26 and l.
26
Let v be (-34)/(-1) + 2/2. Suppose n - 13*n + 24 = 0. Suppose k = -n*k + 15. Calculate the greatest common divisor of k and v.
5
Let q(y) = y**3 - 9*y**2 + 70*y + 16. Let x be q(8). What is the greatest common divisor of 8 and x?
8
Suppose -176 = 845*h - 856*h. Calculate the greatest common divisor of h and 156.
4
Suppose -3*o = -s - 16 - 3, 4*s = 3*o - 31. Suppose -272 = -o*k - 2*b, -5*k + 2*b + 142 = -126. What is the highest common divisor of k and 6?
6
Let p be ((-3)/(-4))/(4/128). Let x(r) = -r**2 + 7*r - 6. Let k = 52 - 48. Let d be x(k). Calculate the greatest common factor of d and p.
6
Suppose -4*s - 24 - 40 = 0. Let n be ((-42)/24)/((-14)/s - 1). Let b be ((-10)/4)/((-1)/28). What is the greatest common divisor of n and b?
14
Suppose -2*r - 24*s = -22*s - 98, 3*s - 199 = -4*r. What is the greatest common factor of 117 and r?
13
Let a = -42 + 66. Let m = -10 + 16. Let j be 112/18 - m/27. Calculate the highest common divisor of a and j.
6
Let f = 32 - 35. Let c(w) = -9*w**3 - 5*w**2 + 4*w + 1. Let a be c(f). Let m = 10 - -7. Calculate the highest common factor of a and m.
17
Suppose -2*n - 24*n = -234. Calculate the greatest common divisor of n and 261.
9
Suppose 0 = 7*v - 2*v. Suppose v*c = -c + 24. Let o be (153/2)/9 - (-3)/(-6). What is the greatest common factor of o and c?
8
Let s(k) = 6*k - 3. Let t be s(5). Suppose 5*q = 3*m + 129, 5*m - 1 - 9 = 0. What is the highest common divisor of q and t?
27
Let t be (-2)/(-4) + (-14)/(-4). Suppose 0*w + 2*j = t*w - 934, -2*w = -5*j - 463. Calculate the greatest common factor of 26 and w.
26
Suppose -12*n + 15 = -15*n, 5*i = -5*n - 5. What is the greatest common divisor of 2 and i?
2
Suppose -5*o + 6 + 24 = 0. Let c be (-3)/2 - -1 - (-243)/o. Calculate the greatest common factor of 440 and c.
40
Let z = 12 - 16. Let k be z/14 - 88/(-14). Calculate the greatest common divisor of k and 12.
6
Let d(q) = -13 + 2 + 2*q + 11. Let l be d(5). Suppose 0 = 4*x - 12 + 4. Calculate the highest common factor of l and x.
2
Suppose 44676 = 5*m + 31*m. What is the highest common divisor of m and 146?
73
Suppose 8*x - 3815 = -1087. What is the highest common divisor of 31 and x?
31
Let v = -188 + 197. Calculate the greatest common factor of v and 144.
9
Let n be -19 - -21 - (-7)/(-1). Let d be (4*-1)/(n - -3). Suppose -3*x + 8 = -d*x - 2*t, 32 = 2*x + 4*t. Calculate the greatest common divisor of x and 4.
4
Let b(w) = w**3 - 48*w**2 - 37*w - 579. Let q be b(49). Let m(y) = 5*y + 1. Let t be m(4). Calculate the highest common factor of t and q.
3
Suppose 9*g - 4*g = 50. Let j = g + 23. What is the highest common factor of 11 and j?
11
Let f = -55 + 242. Suppose -g + 82 = 7. Suppose -g = -3*u - 24. What is the highest common divisor of u and f?
17
Suppose 0 = 3*g 